k(v) = -3*h(v) + 4*t(v). Give k(-1).
5
Let n(d) = -42*d**3 + d**2 - 1. Let q = -228 - -227. Determine n(q).
42
Let l be ((-4)/(-6))/((-12)/(-270)). Suppose -y + l = 4*y. Let p(x) = 3*x**2 - 8*x**2 - 3*x - 4*x**3 + 5*x**y + 2*x. Give p(5).
-5
Let m(d) = 7*d - 4 + 8 - d**2 - 18*d - 3. Determine m(-11).
1
Let k(u) = -4*u**3 + 7*u**2 - 4*u - 4. Let d(l) = 11*l**3 - 22*l**2 + 13*l + 13. Let p(a) = -3*d(a) - 8*k(a). Suppose 4*c - 36 = -0*c. Give p(c).
11
Let y(c) = 10*c**3 + c - 1. Let x be (-171)/(-209) - (-2 - 20/(-11)). What is y(x)?
10
Let d be 234/(-21) + 83/(-7) + 11. Let b(x) = -3*x - 5. What is b(d)?
31
Let s(l) be the third derivative of l**6/40 + l**5/30 - l**4/12 - l**3/2 - 2*l**2 - 60. What is s(-2)?
-15
Let o(c) = -c**3 + 13*c**2 + 15*c - 3. Let r be 18/135 - (-416)/30. Let t be o(r). Let b = -5 + t. Let a(j) = -j**3 + 6*j**2 - 6. Give a(b).
-6
Suppose -4*q - 3*b - 2 = 2, -4*q + 2*b = 24. Let s be -1 - (-14 + q)/3. Suppose -15 = s*t - 0. Let h(l) = 3*l + 3. What is h(t)?
-6
Let j(w) = -7*w - 13. Let z(h) = 6*h + 9. Let b(r) = 5*j(r) + 6*z(r). Determine b(8).
-3
Let b(j) = -j**3 + 8*j**2 - 9*j - 5. Suppose 0 = n + 2 - 9. Determine b(n).
-19
Let n = 138 - 131. Let r(v) = v**2 - 6*v - 2. Let j(x) = 2*x**2 - 11*x - 5. Let z(o) = -2*j(o) + 5*r(o). Calculate z(n).
-7
Let g be 22/18 - 4/18. Let d(f) = -11*f**2 + f. Suppose -2*b + 5*b + 4*m = 0, 3*b + 9 = -m. Let q(v) = 12*v**2 - v. Let l(y) = b*q(y) - 5*d(y). Give l(g).
6
Let s(t) = -t**3 + 14*t**2 + 14*t + 17. Let x be s(15). Suppose 3*y = 2*u + 20, u + 3*y = -x*u. Let k(w) = -w**2 - 5*w + 1. Calculate k(u).
5
Let y(w) = -6 + w - 3*w + w**3 + 2*w**2 + 4*w**2. Let f(i) = -i - 1. Let a be f(5). Calculate y(a).
6
Let z(w) = -w - 2. Let t be 15*(-2 + 20/6). Let g(x) = -x**3 + 18*x**2 - 17*x - 10. Let b be g(17). Let d be (-24)/t*b/(-4). Determine z(d).
1
Let l(j) = 3*j - 1. Let g be -4*6/(-8) + -9. Let w(k) = k**2 + 4*k + 4. Let i be w(g). Let m = i - 13. Give l(m).
8
Let g(p) = 1 + 24*p - 12*p - 14*p. What is g(6)?
-11
Let u(z) = 5 + 0*z + 5*z - z + z**2. Let w = 152 + -149. Suppose 2*f - 4 = -0*p + 2*p, 4*p = -w*f - 29. Determine u(p).
10
Let b be (-1372)/(-60) - (-4)/30. Let y = b - 21. Let a(v) = -4*v**2 + 9*v - 7. Let l(x) = x**2 - x + 1. Let c(s) = a(s) + 6*l(s). Give c(y).
13
Let y be 46 - (-1)/2*-4. Let r = y + -68. Let h be (-148)/r - 2/12. Let f(l) = l**2 - 7*l - 2. What is f(h)?
-8
Let h(u) = -2*u + 1. Let q(m) = -9*m + 5. Let c(z) = -3*h(z) + q(z). Let g(v) = v**2 + 6*v - 3. Let o be g(-7). Calculate c(o).
-10
Let q(a) be the second derivative of -a**3/2 - a**2 + a + 1. Calculate q(1).
-5
Let d(c) be the third derivative of 0 + 6*c**2 + 0*c - 1/6*c**3 - 1/8*c**4. Let v = 54 + -58. Determine d(v).
11
Let m(s) = -s**3 - 5*s**2 + 2*s - 6. Let c = 29 + -21. Let u be (-46)/c - (11/(-4))/(-11). Calculate m(u).
18
Suppose 0 = -3*z + 2*n - 1, 4*z = z - n - 13. Let o be -1 - (-2)/((-2)/(-3)). Let s(c) = -c - 2*c + 5*c + c**2 - o. Determine s(z).
1
Let k(j) be the third derivative of -1/120*j**5 - 11/24*j**4 + 0 - j**2 - 1/6*j**3 + 0*j. Let c(f) be the first derivative of k(f). Give c(-6).
-5
Let z(d) = 2*d**2 - d. Let v(i) = -i**2 + 19*i - 11. Let w be v(14). Let l = -57 + w. Calculate z(l).
6
Suppose 2 = 2*w - 3*w. Let m = -9 + 10. Let j(r) = 3*r**2 + m + 18*r - 4*r - 11*r. Give j(w).
7
Let j(z) be the third derivative of -z**6/120 + z**5/12 + 7*z**4/24 - z**3 + 107*z**2. What is j(6)?
0
Let t(g) = 4*g**3 - 3*g**2 + 2*g - 3. Suppose 5*o = -6*o + 22. What is t(o)?
21
Let t be (104/28 - 2)*(-7)/(-2). Suppose -2*m + n = -13, n = -2*m - 3*n - 2. Let j(z) = t - m + 2*z + z. What is j(2)?
7
Let t(d) = 2*d**2 + 21*d + 21. Let f be t(-9). Let a(k) = -k**2 - 2*k + 8. What is a(f)?
-16
Let u(n) be the second derivative of -n**5/20 - n**4/2 - 5*n**3/6 + 3*n**2/2 + 3*n + 15. Calculate u(-4).
-9
Suppose 4*c - 4*m = 36, 2*c + 6 = -4*m - 0*m. Let r(p) = -p**2 + 6*p - 9. Determine r(c).
-4
Let p(a) = a**3 - 6*a**2 + 6*a + 4. Let c be ((-24)/(-15))/(4/90). Suppose 2*d = -2*d - c. Let w be 0 - 3 - (1 + d). Give p(w).
9
Let r = 1 - 3. Let y(s) = -33*s**2 - 8*s + 6. Let t(o) = -21*o**2 - 5*o + 4. Let g(z) = 8*t(z) - 5*y(z). What is g(r)?
-10
Let q(u) be the first derivative of 7*u**2 + u + 53. What is q(-1)?
-13
Suppose -5*l + 4*v + 6 = 0, -l + 4*l - 7 = -v. Let p(b) = -3*b**2 + 2*b + 1. What is p(l)?
-7
Let r(q) = 2*q + 4. Let y(h) = 7*h + 11. Suppose 5*i + 3*v = -49, 4*i - v + 23 = 2*v. Let s(k) = i*r(k) + 3*y(k). Determine s(-2).
-9
Let v(m) = m**2 + 7*m - 1. Let a(o) = o**3 + 17*o**2 + 16*o - 8. Let j = 37 - 37. Let z = j + -16. Let n be a(z). What is v(n)?
7
Suppose 0 = 267*c - 265*c - 6. Let r(x) = x**2 + 5*x - 6. Let m be r(-7). Suppose -5*j - m + c = 0. Let s(w) = -5*w**2 + w + 1. Determine s(j).
-5
Let d(y) be the third derivative of y**5/60 - 7*y**4/24 - 5*y**3/6 - 106*y**2. Give d(10).
25
Let l(n) = -n**2 - 11*n - 32. Let y be l(-7). Let q(t) = -2 + 4*t + 0 + 0*t + 0*t. Determine q(y).
-18
Suppose -30 + 5 = 5*n. Let c(t) = t**3 + 5*t**2 + 3. Give c(n).
3
Let l = -28 - -31. Suppose i = 3*s - 1, -l*s + 15 + 2 = -5*i. Let w(g) = -2*g**2 - 5*g + 4. Determine w(i).
-8
Let p(g) = -6*g + 2*g**3 - 27 - 4*g**3 + 20*g + 23*g**2. Let a(h) = -h**3 + 11*h**2 + 7*h - 13. Let t(v) = -13*a(v) + 6*p(v). Give t(6).
1
Let v(w) be the third derivative of w**4/24 + w**3/2 + 2*w**2 - 18. Let d be (-14)/(-2) + -2*1. Give v(d).
8
Let w(d) = -5*d**2 + 24*d + 7. Let v(a) = -a**2 + 6*a + 2. Let k(j) = -4*j**2 + 24*j + 8. Let b(p) = 6*k(p) - 22*v(p). Let h(n) = -7*b(n) + 3*w(n). Give h(-11).
4
Suppose -2*m - 18 = -u + 1, 0 = -m - u - 17. Let t = m + 7. Let i(r) = 5*r**2 + 0*r**2 + r**3 + 2 + 2. Determine i(t).
4
Let o be 9 + 0 + -3 - 4. Let j(d) = 3 + 524*d - 527*d + 0. Determine j(o).
-3
Let y(c) = c**3 + 5*c**2 + 2. Suppose 2*h + 2*h - 48 = 0. Suppose -2*a + 20 - h = 0. Suppose 12 + 8 = -a*n. Calculate y(n).
2
Let j(q) = -q + 3. Let u be (-232)/(-87) + (-2)/12*-2. Let p(i) be the second derivative of i**4/12 - i**3/6 - i. Let z be p(u). What is j(z)?
-3
Let m(h) be the second derivative of 0 + 1/12*h**4 - 1/2*h**3 - 3/2*h**2 - 12*h. Calculate m(5).
7
Let o(j) = j**3 + 4*j**2 - j + 14. Let c be o(-5). Let z(y) be the third derivative of y**2 + 0 + 2/3*y**3 + 0*y + 1/4*y**4 + 1/60*y**5. Calculate z(c).
4
Suppose -4*h = 150 - 118. Let d(c) = -c**2 - 6*c + 4. Calculate d(h).
-12
Let c(w) = 5*w - 3. Let f(b) = -27*b + 16. Let u(z) = -33*c(z) - 6*f(z). Give u(-4).
15
Suppose 25 = 2*r - 5*j, -4*r - 5 = 2*j - j. Let c(b) = b**3 - 20. Determine c(r).
-20
Let c(u) be the third derivative of -1/3*u**4 - 1/120*u**6 - 37*u**2 + 0 - 7/6*u**3 - 1/10*u**5 + 0*u. What is c(-5)?
8
Let c(y) = y - 8. Suppose 0*o = -3*b + 5*o + 16, 2 = -o. Determine c(b).
-6
Let z(y) be the third derivative of -y**6/120 - y**5/15 + y**4/8 + y**3/3 - y**2. Let p(b) = -b**2 + b + 7. Let q be p(0). Suppose d - 3 = -q. Determine z(d).
-10
Let r(f) = 75*f + 75*f - 149*f - 9. Give r(9).
0
Let n(x) = -4*x - 1049 + 3*x + 1045. Give n(5).
-9
Let h = -14 - -18. Suppose 5*z = h*z. Let x(g) = z*g + g + g - 3*g. Give x(-6).
6
Let k(j) = 2*j**2 + 3*j**2 - 2 - 6*j**2. Let p(g) = 5*g**2 - g + 7. Let d(b) = -9*k(b) - 2*p(b). What is d(-3)?
-11
Let y(c) = 12*c**3 + 14*c**2 + 2*c + 25. Let o(h) = 7*h**3 + 7*h**2 + h + 13. Let k(g) = 7*o(g) - 4*y(g). What is k(8)?
47
Let p be (-2)/(-2) - (0 - 12). Let q be (12/(-7))/((-20)/7 + 3). Let g = p + q. Let l(x) = -10*x. What is l(g)?
-10
Let q(z) = z**3 - 3*z**2 - 6*z + 3. Suppose -11 + 47 = 9*m. Calculate q(m).
-5
Let x(c) = -c**3 + c**2 + 4*c - 1. Let r be x(-2). Suppose -5*y = -3*n + 21, -10 + 29 = 5*n - r*y. Let o(a) = -a**2 - 2*a + 3. What is o(n)?
-5
Let j = -12 + 17. Suppose j*h + 38 = 4*z, -5*z = -h + 5*h - 27. Suppose 3*t = -17 - z. Let c(f) = f**3 + 8*f**2 - f - 11. Give c(t).
-3
Let h(r) be the second derivative of -r**6/120 - r**5/20 - r**4/8 - 2*r**3/3 + 10*r**2 + 15*r. Let p(d) be the first derivative of h(d). Determine p(-3).
5
Let n = 703 + -699. Let p(b) = b**3 - 5*b**2 + 6*b - 4. Determine p(n).
4
Let h(x) be the third derivative of -5*x**4/24 - 19*x**3/6 + 365*x**2. What is h(-5)?
6
Let y(h) = h**2 + 6*h. Let n be y(-6). Let c be 2 - n - -5*(-2 - -3). Let u(d) = 2*d - 1. What is u(c)?
13
Let p(n) = -n**2 - 15*n + 6. 